 5, 7, 149, 2861
What are the prime factors of 146858696?
2, 18357337
List the prime factors of 1108692302.
2, 554346151
List the prime factors of 59157976.
2, 821, 9007
What are the prime factors of 434090249?
83, 5230003
What are the prime factors of 4759715899?
2999, 1587101
List the prime factors of 311677372.
2, 2221, 35083
What are the prime factors of 578160670?
2, 5, 199, 290533
What are the prime factors of 1639055619?
3, 182117291
List the prime factors of 63526093.
17, 43, 47
What are the prime factors of 881544332?
2, 220386083
What are the prime factors of 1963912557?
3, 971, 674189
What are the prime factors of 1070119217?
37, 443, 65287
What are the prime factors of 50584771?
59, 857369
List the prime factors of 632218125.
3, 5, 7, 11, 29, 151
What are the prime factors of 675142701?
3, 1993, 112919
List the prime factors of 143930997.
3, 7, 317, 7207
What are the prime factors of 50600162?
2, 25300081
What are the prime factors of 234893296?
2, 11, 23, 58027
List the prime factors of 524270677.
7, 241, 310771
What are the prime factors of 1446019237?
13, 37, 3006277
What are the prime factors of 241993309?
1607, 150587
List the prime factors of 722126276.
2, 31, 41, 142039
What are the prime factors of 845845811?
79, 101, 227, 467
What are the prime factors of 835450555?
5, 641, 260671
What are the prime factors of 64471745?
5, 13, 991873
What are the prime factors of 1576016265?
3, 5, 105067751
List the prime factors of 135372026.
2, 67, 89, 11351
List the prime factors of 57993082.
2, 7, 4142363
List the prime factors of 161174246.
2, 17, 4740419
List the prime factors of 53910637.
11, 109, 44963
What are the prime factors of 992666025?
3, 5, 13, 339373
List the prime factors of 4052722.
2, 2026361
What are the prime factors of 3508034520?
2, 3, 5, 23, 1271027
What are the prime factors of 80012208?
2, 3, 271, 6151
What are the prime factors of 3942873204?
2, 3, 328572767
List the prime factors of 288032171.
7, 4363, 9431
What are the prime factors of 122264000?
2, 5, 17, 29, 31
List the prime factors of 114703175.
5, 101, 45427
List the prime factors of 533827368.
2, 3, 113, 21871
List the prime factors of 2048777855.
5, 409755571
What are the prime factors of 1012497666?
2, 3, 307, 523, 1051
What are the prime factors of 260881771?
31, 8415541
What are the prime factors of 101442317?
307, 330431
List the prime factors of 24040521.
3, 2671169
What are the prime factors of 1324991049?
3, 19, 521, 44617
What are the prime factors of 383824505?
5, 61, 1258441
List the prime factors of 734301154.
2, 31, 11843567
List the prime factors of 39870080.
2, 5, 62297
What are the prime factors of 1936312919?
29, 43, 367, 4231
List the prime factors of 327865412.
2, 7, 11709479
List the prime factors of 147586517.
13, 873293
List the prime factors of 396531476.
2, 11, 61, 147739
What are the prime factors of 1565285572?
2, 4339, 90187
List the prime factors of 33922519.
157, 433, 499
What are the prime factors of 671983157?
17, 23, 29, 59263
List the prime factors of 138481314.
2, 3, 199, 115981
List the prime factors of 849087086.
2, 19, 31, 157, 4591
List the prime factors of 4246049148.
2, 3, 11, 167, 192617
List the prime factors of 74755577.
13, 37, 73, 2129
What are the prime factors of 368315737?
83, 4437539
List the prime factors of 36580393.
271, 347, 389
List the prime factors of 3808226022.
2, 3, 11933, 53189
What are the prime factors of 21973033?
21973033
List the prime factors of 1662264157.
83, 541, 37019
What are the prime factors of 629529036?
2, 3, 277, 189389
List the prime factors of 1781461.
11, 71, 2281
List the prime factors of 153353758.
2, 76676879
What are the prime factors of 813289585?
5, 19, 127, 67409
What are the prime factors of 114541622?
2, 13, 4405447
What are the prime factors of 162641840?
2, 5, 97, 20959
What are the prime factors of 1279206854?
2, 17, 3371, 11161
List the prime factors of 61151738.
2, 1831, 16699
What are the prime factors of 3570446424?
2, 3, 37, 4020773
List the prime factors of 366803278.
2, 183401639
List the prime factors of 4934248018.
2, 7, 2113, 166799
List the prime factors of 118489944.
2, 3, 1093, 4517
List the prime factors of 269535.
3, 5, 7, 17, 151
List the prime factors of 53489713.
47, 467, 2437
What are the prime factors of 1006154950?
2, 5, 20123099
List the prime factors of 2602642725.
3, 5, 43, 89669
What are the prime factors of 769339377?
3, 383, 24799
What are the prime factors of 606275169?
3, 202091723
List the prime factors of 18513288.
2, 3, 389, 661
List the prime factors of 1324871435.
5, 264974287
List the prime factors of 21337525.
5, 11, 77591
List the prime factors of 42073922.
2, 11, 1912451
List the prime factors of 1928743798.
2, 23, 229, 277, 661
What are the prime factors of 323390184?
2, 3, 13, 17, 19, 3209
List the prime factors of 52422333.
3, 31, 101, 5581
List the prime factors of 902756030.
2, 5, 11, 8206873
List the prime factors of 10294155.
3, 5, 76253
List the prime factors of 148684884.
2, 3, 43, 193, 1493
What are the prime factors of 1554895535?
5, 1933, 160879
List the prime factors of 127875693.
3, 11, 83, 46687
List the prime factors of 2197219972.
2, 17987, 30539
List the prime factors of 6505104924.
2, 3, 139, 577, 751
List the prime factors of 149486868.
2, 3, 101, 41113
List the prime factors of 155923051.
3623, 43037
What are the prime factors of 313732188?
2, 3, 7, 11, 10289
List the prime factors of 172495684.
2, 43123921
What are the prime factors of 235288973?
353, 666541
List the prime factors of 126943020.
2, 3, 5, 821, 859
List the prime factors of 60036590.
2, 5, 6003659
What are the prime factors of 501209342?
2, 461, 543611
What are the prime factors of 124619471?
124619471
What are the prime factors of 64561482?
2, 3, 29, 41227
List the prime factors of 2271925332.
2, 3, 3623, 17419
List the prime factors of 1752628184.
2, 71, 3085613
What are the prime factors of 113256762?
2, 3, 18876127
List the prime factors of 18426351.
3, 17, 53, 401
List the prime factors of 16935128.
2, 7, 17, 17789
What are the prime factors of 423566645?
5, 17, 4983137
What are the prime factors of 7506029965?
5, 7, 30636857
List the prime factors of 104305275.
3, 5, 463579
List the prime factors of 244665646.
2, 941, 130003
List the prime factors of 1981556650.
2, 5, 41, 966613
What are the prime factors of 81460725?
3, 5, 151, 7193
List the prime factors of 893762050.
2, 5, 1667, 10723
What are the prime factors of 1464841873?
11, 17, 460787
What are the prime factors of 47368288?
2, 11, 37, 3637
What are the prime factors of 44364169?
17, 2609657
What are the prime factors of 5627394290?
2, 5, 7, 107, 751321
What are the prime factors of 1917412946?
2, 1277, 750749
What are the prime factors of 1439098316?
2, 23, 89, 175757
List the prime factors of 1267329756.
2, 3, 7, 11, 1371569
List the prime factors of 31586665.
5, 11, 241, 2383
What are the prime factors of 658413670?
2, 5, 41, 1605887
What are the prime factors of 989634199?
59, 16773461
List the prime factors of 83944144.
2, 5246509
What are the prime factors of 47335744?
2, 739621
List the prime factors of 1102862129.
523, 2108723
List the prime factors of 2465519381.
13, 189655337
List the prime factors of 9044621405.
5, 151, 11979631
What are the prime factors of 493836735?
3, 5, 7, 4703207
What are the prime factors of 1340617827?
3, 19, 199, 118189
List the prime factors of 86971173.
3, 859, 33749
What are the prime factors of 47858925?
3, 5, 47, 13577
List the prime factors of 1502892486.
2, 3, 53, 59, 26701
List the prime factors of 455928806.
2, 6121, 37243
What are the prime factors of 16918570?
2, 5, 17, 23, 4327
List the prime factors of 918722166.
2, 3, 23, 6657407
What are the prime factors of 126483632?
2, 11, 718657
List the prime factors of 793423503.
3, 1249, 70583
What are the prime factors of 6389131599?
3, 71, 9998641
What are the prime factors of 170250777?
3, 383, 49391
List the prime factors of 4067784.
2, 3, 7, 1153
What are the prime factors of 116414038?
2, 13, 4477463
List the prime factors of 55905493.
7, 31, 241, 1069
What are the prime factors of 974554563?
3, 17, 19108913
List the prime factors of 181061688.
2, 3, 7544237
List the prime fac